mber?
True
Let d(y) = 27*y**2 - 678*y + 38. Is d(29) prime?
True
Suppose -150216 - 1111 = -7*v + 11766. Is v a prime number?
False
Let w = -132590 - -284535. Suppose 5*v - 32*q + 34*q = w, -151945 = -5*v + q. Is v composite?
False
Let x(k) = 1976*k + 183. Is x(14) composite?
False
Let g = 959877 + -681668. Is g a prime number?
True
Let i = -21507 + 8355. Let t be i/9*3/(-2). Suppose 3*w + t = r, 0*r - r + w = -2198. Is r a prime number?
False
Suppose -4*u - 3133 = w, -4*u + 5*w - 10*w = 3137. Let n = u - -3596. Is n a composite number?
True
Suppose 0 = -2*o - 4*z + 92, 0*z = -o + z + 52. Suppose 40*f - o*f + 104090 = 0. Is f prime?
False
Let m(l) = 3*l**2 + 6*l - 10. Let i be m(-4). Is 49/i*2/4*1388 a composite number?
True
Let y be ((-68)/12)/(1/(-3)). Suppose 392 = -13*j + y*j. Let b = j + -13. Is b a composite number?
True
Let s(y) = -26*y + 39. Let a be s(5). Let c = a + 153. Is c prime?
False
Let c(x) = -319*x**3 - 2*x**2 - 6*x - 8. Let q be ((-24)/(-32))/((-2)/8). Is c(q) a composite number?
True
Let j(y) = 2*y + 103. Let r be j(-8). Let f = r + 412. Is f composite?
False
Is ((-47942)/2)/(-1 - (-15 - -15)) composite?
False
Suppose -5*h = 4*r - 325616 + 82381, 5*h - 4*r - 243235 = 0. Is h a prime number?
True
Let j(t) = -33341*t - 1325. Is j(-14) a prime number?
False
Suppose 235 + 31 = 14*i. Suppose 110211 = i*z - 175036. Is z prime?
True
Let j = -9 + 17. Let s = j - 3. Suppose 5*o = -3*t + 480, o = t + s*o - 167. Is t a composite number?
True
Suppose -l + 148 = l. Let a be 3/(288/(-58) - -5). Let z = l + a. Is z prime?
False
Let v(k) = 66057*k - 195. Is v(6) a prime number?
False
Let r(a) = 3*a + 4. Let g be r(0). Let o be g/(-10)*-7 + (-10)/(-50). Suppose -o*z = 5*z - 10696. Is z composite?
True
Suppose -3*d + 4*s = -20, 1 + 3 = -2*s. Suppose -d*v = 84 + 8. Let i = v - -54. Is i a prime number?
True
Suppose 4*n - 516223 = 534045. Is n prime?
True
Let j(y) = -5*y + 53. Let n be j(10). Suppose -6487 = n*d + 3308. Let i = -904 - d. Is i prime?
False
Let f(d) = 23139*d**2 - 49*d + 47. Is f(1) composite?
True
Let u = 118961 - 29152. Is u a composite number?
False
Let m(u) be the second derivative of -u**7/420 - u**6/90 + 5*u**4/24 - 8*u**3/3 + 3*u. Let y(x) be the second derivative of m(x). Is y(-6) a composite number?
False
Let y = -2957 - -6650. Suppose 92*w = 91*w + y. Is w a prime number?
False
Suppose -k = -4*k - 29355. Suppose -3*a + 15 = 0, -7*a + 2 = 2*x - 3*a. Is k/x + 12/(-54) composite?
False
Is (-1)/3 - (-1 - (-131826)/90)*-205 a composite number?
True
Suppose 20*h - 391697 = 3*h. Suppose v - 4*x = h, -x + 4148 = v - 18908. Is v a prime number?
True
Let f be 71290/(-8) + 0 + 21/(-28). Let l = -5292 - f. Suppose 2*c = -0*c - r + l, -r = -2*c + 3624. Is c composite?
False
Suppose 5502194 = 81*u + 46*u - 8918021. Is u composite?
True
Suppose 4*c = -2*o - o + 26315, 0 = -3*o - c + 26309. Suppose -3*t - 5*r = -5320, 5*t - r - 135 = o. Is 5/15 + t/15 a composite number?
True
Let r(v) = 4*v**2 + 6*v - 13. Let b be 45/(-30)*68/(-3). Let l be (b/6 - -4) + 2/6. Is r(l) a composite number?
True
Let r(f) = -f**3 + 206*f**2 - 229*f - 673. Is r(100) a composite number?
True
Let c be (44/(-6))/(4/(-12)). Let i be 48/c + 10/(-55) - -66. Let v = i - -1617. Is v a composite number?
True
Let t(p) = -p**3 + 3*p + 2. Let l be t(-1). Suppose -10*z - 17 - 163 = l. Is z/(-45) + (-11013)/(-5) a composite number?
False
Suppose 2*d - 14*c - 109894 = -10*c, 0 = -5*c. Is d prime?
False
Let l(q) = -577*q - 2. Let c be l(8). Suppose 5*g + 18101 = -s + 2005, 0 = 5*g + 3*s + 16098. Let d = g - c. Is d prime?
True
Let u(l) = 2*l - 71. Let s be u(-21). Let d = 114 + s. Is (d - 0/(-3)) + 678 prime?
False
Suppose 3*p - 37*p = 142125 - 1474007. Is p a prime number?
False
Let f(d) = -5*d + 7. Let v be f(1). Suppose 0*i - 4*g = -2*i, -3*i - v*g = -40. Suppose i*p - 126 = 64. Is p a prime number?
True
Suppose 20704 = 4*m - 3*z, 0 = 7*m - 10*m - 5*z + 15499. Let o = m - -8136. Is o composite?
False
Let v be (-4)/16 + 34/8 + -4. Suppose v = -28*z + 27*z + 16477. Is z prime?
True
Let k(i) be the second derivative of -77*i**5/20 + i**4/4 + i**3 - 11*i**2/2 + 77*i. Is k(-8) a prime number?
False
Suppose -1418861 = -102*p - 34*p + 5*p. Is p composite?
False
Is (-684)/(-456)*160526/3 prime?
True
Let u = -228835 - -507858. Is u a composite number?
False
Is 50454*21/14 - -6 a prime number?
False
Is (-1 + (-5)/(-4))*(2 - 139518*-3) prime?
True
Let r(b) be the first derivative of -202*b**2 - 7*b + 17. Let j be r(-6). Suppose v + 0*v = 3, -5*y + j = 4*v. Is y a prime number?
False
Suppose -11248681 = -12*o - 75*o + 10475480. Is o composite?
False
Let h = 86 - 91. Let j(p) = -p**2 - 9*p - 16. Let m be j(h). Suppose -68 = -m*x + 320. Is x a composite number?
False
Suppose -23*n + 3*n + 120 = 0. Is ((-3)/27*-6)/(n/90063) a prime number?
True
Let h be ((-8)/6)/((-60)/135). Suppose 2*r - r = -3*m + 12797, m + h*r = 4255. Is m composite?
True
Let v be (-2559)/57 + -1 + (-68)/(-76). Is -21*10/v*4668/8 prime?
False
Suppose 0 = -135*h + 138*h + 4*w - 148337, -2*h + 98886 = 4*w. Is h composite?
False
Suppose 9 = 5*l - 4*j - 6, 0 = 3*l + 3*j - 36. Suppose l*q - 1679 = 8688. Is q composite?
False
Let l be (5 - (5 + -2)) + -31 + -2. Let q = -31 - l. Suppose q = -14*r + 3*r + 13805. Is r composite?
True
Suppose 19*f = 378 + 211. Let w(r) = -r**3 + 36*r**2 - 94*r + 10. Is w(f) a composite number?
False
Let n(t) = 2*t**3 - 25*t**2 - 11*t - 18. Let r be n(13). Suppose -r*p - 6228 + 119460 = 0. Suppose -11*z - 1097 + p = 0. Is z composite?
False
Let q(t) = -20*t**2 - 13*t - 19. Let o(y) = y**2. Let s(n) = -n**2 - 13*n - 13. Let w be s(-12). Let r(z) = w*q(z) - 2*o(z). Is r(10) a prime number?
True
Let f be (-14609)/(-2) - ((-21)/6 - -3). Suppose 0 = -r + 5152 + f. Is r prime?
True
Suppose -12*y + 54737 = -17923. Let p = 11436 - y. Is p composite?
False
Is 1/4*(-6 - (-966706)/65)*5 prime?
True
Is (0 - (-1869383)/3) + (10/(-15) - -2) a composite number?
True
Suppose -37*s + 1186196 + 2897050 = 0. Suppose 0 = 8*k - s - 158018. Is k a composite number?
False
Let v = 17 - 17. Suppose q + 2813 - 9010 = v. Is q a composite number?
False
Let n(f) = 2*f + 7. Let j be n(-9). Let p be (j - -1)*2/(-5). Let d(y) = 8*y**2 + 7*y - 7. Is d(p) a prime number?
True
Let s = 44402 + 50207. Is s composite?
True
Let y(d) = 1981*d**2 + 77*d + 6. Is y(11) composite?
True
Let k be 2 - (-5 - (3 + -10)). Suppose -s - 5*t - 6499 + 22458 = k, -4*s + t = -63836. Is s a prime number?
True
Let q be (-2)/13 - 16/(-104). Let v be 647 + 1 + (q - 0). Let j = 1221 - v. Is j a prime number?
False
Let x(q) = -4*q**3 + 2*q**2 + 6*q + 4. Let i be x(-1). Suppose -15091 - 32697 = -i*k. Is k a composite number?
True
Let x(y) = y**3 + 6*y**2 + y - 8. Let f be x(-4). Let g be ((-5)/((-5)/(-11)))/(-4)*f. Suppose 5*i - 2786 = -q, -i - g = 3*q - 615. Is i a prime number?
True
Let s(i) = 44208*i**2 + 3*i + 3. Let r be s(-2). Suppose 2*f = -5*d - 64780 + r, 0 = -2*d + 4*f + 44810. Is d a prime number?
True
Let y(g) be the second derivative of 7*g**4/4 + g**3/2 + 3*g**2/2 + 15*g. Let s be y(-5). Let j = s - 182. Is j prime?
True
Suppose -15*b - 5207 = -21002 - 46320. Is b composite?
True
Let s(d) = -134*d**2 + 9*d + 6. Let q be s(4). Let w = q + 17731. Is w a prime number?
True
Let q(p) = 491040*p**2 + 29*p + 26. Is q(-1) a composite number?
True
Let i(r) = 15*r + 2. Let w(n) = -16*n - 3. Let m(z) = 2*i(z) + 3*w(z). Is m(-27) a composite number?
True
Let z be 0/(6/(-12) + 10/4). Suppose -c + m + 789 = z, -2*m - m - 1573 = -2*c. Is c prime?
False
Let o(q) = 2*q**2 - 1. Let w(f) = 38*f**2 + 5*f - 68. Let b(a) = -6*o(a) + w(a). Is b(5) composite?
False
Let d(n) = 174*n**2 + 7*n - 11. Let z be d(-5). Suppose z = 6*c - 2902. Is c composite?
False
Suppose 2*g = -3*c - 25, 5*g + 5 + 25 = -c. Let x(o) = o - 1. Let s(b) = -38*b**2 - 10*b - 31. Let z(r) = -s(r) - 2*x(r). Is z(g) prime?
False
Suppose 984*p = 1016*p - 3284576. Is p a prime number?
True
Let u = 96 + -54. Let a = -37 + u. Suppose -a*q - z + 5520 = 0, 5*z + 809 = q - 269. Is q a prime number?
True
Let p(y) = 2601*y**2 - 33*y + 23. Is p(9) a composite number?
False
Let o(t) = 125*t + 131*t - 231*t - t**2 + 23. Let u be -5 + (18 - (-5 - -5)). Is o(u) a composite number?
False
Let q be 4 + -4 + 